98?
2862
What is the greatest common divisor of 258 and 31289122?
86
Calculate the greatest common factor of 42 and 49356454.
14
What is the greatest common divisor of 1117760400 and 80?
80
Calculate the highest common divisor of 147 and 360056949.
147
What is the greatest common divisor of 1209 and 901387?
31
Calculate the greatest common factor of 2016 and 5288724.
252
What is the highest common divisor of 70 and 3457615?
35
Calculate the highest common divisor of 192 and 49652544.
192
Calculate the greatest common factor of 110833 and 7689545.
809
What is the highest common factor of 167284 and 168220?
52
Calculate the greatest common factor of 1927752399 and 54.
27
Calculate the greatest common factor of 12061932 and 12.
12
Calculate the greatest common divisor of 9364358 and 4232.
1058
Calculate the highest common divisor of 3060 and 964984770.
1530
What is the highest common factor of 99204 and 24948?
84
What is the greatest common factor of 1566 and 121446?
54
What is the highest common divisor of 784 and 2512496?
112
Calculate the highest common divisor of 48981 and 732801.
87
What is the highest common factor of 12974332 and 13769?
1967
Calculate the greatest common divisor of 98433656 and 5800.
232
What is the greatest common factor of 1489696 and 4550?
26
What is the greatest common divisor of 836475 and 39045?
285
What is the highest common factor of 9765038 and 63070?
1802
What is the highest common factor of 9644 and 113588?
4
Calculate the highest common factor of 127967 and 22624.
707
Calculate the highest common divisor of 537 and 7175571.
3
Calculate the highest common factor of 5076577 and 319.
11
Calculate the highest common divisor of 8751 and 1377.
3
What is the greatest common factor of 14 and 222690804?
14
Calculate the greatest common factor of 720768 and 57216.
384
What is the greatest common divisor of 277886 and 84686?
322
Calculate the greatest common divisor of 67833344 and 361.
361
What is the greatest common factor of 686 and 11585462?
98
Calculate the greatest common divisor of 14280 and 2928080.
680
Calculate the highest common divisor of 3268 and 198892.
76
Calculate the greatest common divisor of 1087125 and 39.
39
Calculate the highest common divisor of 1431 and 229608.
27
Calculate the highest common divisor of 16330025 and 41230.
2945
Calculate the highest common factor of 54272763 and 3002.
79
What is the greatest common divisor of 22773948 and 204?
204
What is the highest common factor of 87574357 and 65?
13
Calculate the highest common divisor of 4266 and 10221840.
18
What is the highest common factor of 12278308 and 56?
28
What is the highest common divisor of 755295248 and 2192?
2192
Calculate the greatest common factor of 217442115 and 4554.
2277
Calculate the highest common divisor of 47359 and 23511922.
3643
Calculate the greatest common divisor of 5392035 and 2835.
135
Calculate the greatest common divisor of 45544736 and 2656.
32
What is the greatest common divisor of 1740 and 189845745?
435
What is the greatest common factor of 7412103 and 17055?
3411
Calculate the highest common factor of 2008606899 and 141.
141
Calculate the highest common factor of 3232029 and 11904.
93
Calculate the greatest common divisor of 50022 and 66211263.
3573
What is the greatest common divisor of 475968 and 34036?
268
Calculate the greatest common factor of 2952 and 168714.
18
Calculate the highest common factor of 28 and 488340286.
14
Calculate the greatest common factor of 361609 and 127576.
431
What is the highest common factor of 34089984 and 6?
6
Calculate the greatest common divisor of 386 and 12000.
2
Calculate the highest common divisor of 6675 and 2489241.
267
Calculate the highest common factor of 374 and 1068386.
22
Calculate the highest common factor of 1187347 and 7714.
203
Calculate the highest common divisor of 11832 and 10094668.
1972
Calculate the greatest common factor of 11129 and 929451.
359
Calculate the highest common factor of 866901 and 210.
21
What is the highest common factor of 9022772 and 88?
44
What is the highest common divisor of 672159055 and 20?
5
Calculate the highest common divisor of 43 and 284000595.
43
What is the greatest common divisor of 1248964 and 16?
4
What is the greatest common divisor of 1289310 and 480?
30
Calculate the highest common factor of 6399 and 2610.
9
What is the highest common divisor of 14289149 and 651?
7
What is the greatest common factor of 36283 and 2834?
13
What is the greatest common factor of 193 and 8887?
1
What is the greatest common factor of 5928 and 3465904?
1976
Calculate the greatest common divisor of 23813543 and 13.
13
What is the highest common factor of 18021 and 144?
3
What is the highest common factor of 2250 and 5459790?
30
Calculate the highest common factor of 78281 and 1649837.
371
What is the highest common factor of 316014480 and 7452?
2484
What is the greatest common divisor of 372 and 5390220?
12
Calculate the greatest common factor of 648310 and 1274.
26
What is the highest common factor of 4458 and 183156930?
4458
Calculate the highest common divisor of 352588574 and 239.
239
What is the highest common factor of 533 and 1784443?
41
Calculate the greatest common factor of 326804 and 112.
4
Calculate the highest common factor of 5890126 and 12.
2
What is the greatest common factor of 976 and 670390?
122
Calculate the greatest common divisor of 128355 and 51600.
645
Calculate the greatest common factor of 44808699 and 26.
13
What is the greatest common factor of 42 and 770938728?
42
Calculate the greatest common divisor of 271 and 210871333.
271
Calculate the greatest common divisor of 8500114 and 70.
14
Calculate the greatest common divisor of 3033 and 22799061.
3033
Calculate the highest common divisor of 240 and 19943600.
80
What is the highest common factor of 11772 and 8030466?
1962
Calculate the highest common factor of 39848 and 2570264.
136
What is the greatest common divisor of 692677232 and 48?
16
What is the greatest common factor of 10819 and 1033917735?
10819
Calculate the greatest common factor of 912 and 54325104.
912
What is the highest common factor of 288085714 and 4039?
4039
What is the greatest common divisor of 9025 and 23053175?
475
What is the highest common factor of 4836 and 1852929?
39
What is the highest common divisor of 4848602040 and 360?
360
Calculate the greatest common divisor of 916569 and 864.
27
Calculate the highest common factor of 336241 and 11092.
59
Calculate the greatest common divisor of 79761714 and 318.
318
Calculate the greatest common factor of 54042 and 491.
1
What is the highest common factor of 159372420 and 45?
15
What is the highest common divisor of 11988 and 909873?
81
What is the highest common factor of 3047843 and 2075?
83
Calculate the highest common factor of 245523 and 81.
3
Calculate the greatest common divisor of 393 and 22785485.
131
Calculate the greatest common divisor of 1620814 and 52.
26
What is the highest common divisor of 1359153 and 781?
71
Calculate the greatest common factor of 2317509 and 144.
9
What is the greatest common factor of 112 and 8699908?
28
Calculate the highest common divisor of 13070169 and 189.
63
What is the highest common factor of 174919 and 63722?
211
Calculate the highest common divisor of 43933696 and 1024.
1024
Calculate the greatest common factor of 495 and 18836829.
99
Calculate the highest common divisor of 2560 and 22190.
10
Calculate the highest common divisor of 6084 and 71049628.
676
What is the greatest common factor of 46680299 and 1?
1
Calculate the greatest common divisor of 14 and 3544709756.
14
Calculate the highest common divisor of 664816 and 55027.
1123
What is the highest common divisor of 3146 and 3104618?
242
What is the highest common divisor of 9672 and 381982?
62
Calculate the greatest common factor of 94060 and 47040.
20
Calculate the greatest common divisor of 4175592 and 423624.
456
Calculate the greatest common factor of 264 and 8552640.
24
What is the greatest common factor of 572 and 732498052?
572
What is the greatest common factor of 89840883 and 143?
11
Calculate the greatest common factor of 259 and 4255517.
7
Calculate the highest common divisor of 134 and 3911393.
67
What is the highest common fa